{"version":"1.0","provider_name":"","provider_url":"https:\/\/www.lumieredencre.fr\/en","author_name":"Lumi\u00e8re d\u2019Encre","author_url":"https:\/\/www.lumieredencre.fr\/en\/author\/admin1106\/","title":"Les Rencontres Photographiques du Paysage #1 -","type":"rich","width":600,"height":338,"html":"<blockquote class=\"wp-embedded-content\" data-secret=\"V3PlmZEt3e\"><a href=\"https:\/\/www.lumieredencre.fr\/en\/les-rencontres-photographiques-du-paysage-1\/\">Les Rencontres Photographiques du Paysage #1<\/a><\/blockquote><iframe sandbox=\"allow-scripts\" security=\"restricted\" src=\"https:\/\/www.lumieredencre.fr\/en\/les-rencontres-photographiques-du-paysage-1\/embed\/#?secret=V3PlmZEt3e\" width=\"600\" height=\"338\" title=\"&#8220;Les Rencontres Photographiques du Paysage #1&#8221; &#8212; \" data-secret=\"V3PlmZEt3e\" frameborder=\"0\" marginwidth=\"0\" marginheight=\"0\" scrolling=\"no\" class=\"wp-embedded-content\"><\/iframe><script>\n\/*! This file is auto-generated *\/\n!function(d,l){\"use strict\";l.querySelector&&d.addEventListener&&\"undefined\"!=typeof URL&&(d.wp=d.wp||{},d.wp.receiveEmbedMessage||(d.wp.receiveEmbedMessage=function(e){var t=e.data;if((t||t.secret||t.message||t.value)&&!\/[^a-zA-Z0-9]\/.test(t.secret)){for(var s,r,n,a=l.querySelectorAll('iframe[data-secret=\"'+t.secret+'\"]'),o=l.querySelectorAll('blockquote[data-secret=\"'+t.secret+'\"]'),c=new RegExp(\"^https?:$\",\"i\"),i=0;i<o.length;i++)o[i].style.display=\"none\";for(i=0;i<a.length;i++)s=a[i],e.source===s.contentWindow&&(s.removeAttribute(\"style\"),\"height\"===t.message?(1e3<(r=parseInt(t.value,10))?r=1e3:~~r<200&&(r=200),s.height=r):\"link\"===t.message&&(r=new URL(s.getAttribute(\"src\")),n=new URL(t.value),c.test(n.protocol))&&n.host===r.host&&l.activeElement===s&&(d.top.location.href=t.value))}},d.addEventListener(\"message\",d.wp.receiveEmbedMessage,!1),l.addEventListener(\"DOMContentLoaded\",function(){for(var e,t,s=l.querySelectorAll(\"iframe.wp-embedded-content\"),r=0;r<s.length;r++)(t=(e=s[r]).getAttribute(\"data-secret\"))||(t=Math.random().toString(36).substring(2,12),e.src+=\"#?secret=\"+t,e.setAttribute(\"data-secret\",t)),e.contentWindow.postMessage({message:\"ready\",secret:t},\"*\")},!1)))}(window,document);\n\/\/# sourceURL=https:\/\/www.lumieredencre.fr\/wp-includes\/js\/wp-embed.min.js\n<\/script>","description":"Les premi\u00e8res Rencontres Photographiques du Paysage auront lieu du 3 mai au 2 juillet. Le vernissage des exposition aura lieu le vendredi 6 mai \u00e0 partir de 18h. Les paysages sont des constructions, nous les fa\u00e7onnons et ils nous nourrissent. Ils sont porteurs dans leurs plis de nos usages et de nos pratiques mais ils sont aussi les lieux de nos imaginaires et de nos mythes. Nous avons avec eux des rapports prot\u00e9iformes et la photographie est un medium qui s\u2019en est Cette ann\u00e9e, le Rencontres photographiques du Paysage interrogent les relations entre les paysages et nos m\u00e9moires. Nous accueillerons une table ronde le vendredi 6 mai \u00e0 14h, avec Danielle M\u00e9aux, Sylvain Dufard et Nathalie Solomon. Les expositions ( Raymond Depardon, Julia de Cooker, et Fran\u00e7oise Beauguion avec les habitants de C\u00e9ret) seront ouvertes du mardi au samedi et nous vous proposons plusieurs activit\u00e9s, randonn\u00e9es paysage, ateliers d\u2019\u00e9criture, promenades urbaines et po\u00e9tiques : le programme est t\u00e9l\u00e9chargeable ici.","thumbnail_url":"https:\/\/www.lumieredencre.fr\/wp-content\/uploads\/2020\/07\/Logo-300x225-px-en-72-dpi-Gris.jpg","thumbnail_width":300,"thumbnail_height":225}

Lumière d’Encre

Les premières Rencontres Photographiques du Paysage auront lieu du 3 mai au 2 juillet. Le vernissage des exposition aura lieu le vendredi 6 mai à partir de 18h. Les paysages sont des constructions, nous les façonnons et ils nous nourrissent. Ils sont porteurs dans leurs plis de nos usages et de nos pratiques mais ils sont aussi les lieux de nos imaginaires et de nos mythes. Nous avons avec eux des rapports protéiformes et la photographie est un medium qui s’en est Cette année, le Rencontres photographiques du Paysage interrogent les relations entre les paysages et nos mémoires. Nous accueillerons une table ronde le vendredi 6 mai à 14h, avec Danielle Méaux, Sylvain Dufard et Nathalie Solomon. Les expositions ( Raymond Depardon, Julia de Cooker, et Françoise Beauguion avec les habitants de Céret) seront ouvertes du mardi au samedi et nous vous proposons plusieurs activités, randonnées paysage, ateliers d’écriture, promenades urbaines et poétiques : le programme est téléchargeable ici.
